{"id":2110,"date":"2017-09-27T03:52:13","date_gmt":"2017-09-27T06:52:13","guid":{"rendered":"https:\/\/demo.thembay.com\/puca\/?page_id=1912"},"modified":"2020-01-17T12:48:14","modified_gmt":"2020-01-17T15:48:14","slug":"home","status":"publish","type":"page","link":"https:\/\/www.im2.com.br\/vinhosmuraro\/","title":{"rendered":"Home"},"content":{"rendered":"<section class=\"wpb-content-wrapper\"><p>[vc_row isfullwidth=&#8221;1&#8243;][vc_column css_animation=&#8221;fadeInUp&#8221; offset=&#8221;vc_hidden-lg vc_hidden-md&#8221; css=&#8221;.vc_custom_1578950840966{margin-top: 4em !important;}&#8221;][vc_column_text]<\/p>\n<p style=\"text-align: center;\">Desde 1967 a marca Muraro \u00e9 reconhecida por oferecer produtos de qualidade, reflexo do cuidado no cultivo de seus vinhedos e do processo de produ\u00e7\u00e3o que combina a tradi\u00e7\u00e3o dos descendentes italianos com os avan\u00e7os tecnol\u00f3gicos que garantem a qualidade com aromas e sabores \u00fanicos. O in\u00edcio foi com vinhos de mesa que hoje s\u00e3o conhecidos por todo o Brasil. A marca ganhou continuidade com suco de uva tinto integral e hoje se moderniza ainda mais ao lan\u00e7ar o suco de uva branco integral. Vinhos finos jovens em vers\u00f5es tintas e brancas complementam a gama de produtos com a marca Muraro e convidam a degustar o agrad\u00e1vel sabor da vida!<\/p>\n<p>[\/vc_column_text][\/vc_column][\/vc_row][vc_row el_class=&#8221;slider-mobile&#8221;][vc_column css_animation=&#8221;fadeInUp&#8221; offset=&#8221;vc_hidden-sm vc_hidden-xs&#8221;]\n\t\t\t<!-- START Banner home REVOLUTION SLIDER 6.6.5 --><p class=\"rs-p-wp-fix\"><\/p>\n\t\t\t<rs-module-wrap id=\"rev_slider_8_1_wrapper\" data-source=\"gallery\" style=\"visibility:hidden;background:transparent;padding:0;margin:0px auto;margin-top:0;margin-bottom:0;\">\n\t\t\t\t<rs-module id=\"rev_slider_8_1\" style=\"\" data-version=\"6.6.5\">\n\t\t\t\t\t<rs-slides style=\"overflow: hidden; position: absolute;\">\n\t\t\t\t\t\t<rs-slide style=\"position: absolute;\" data-key=\"rs-12\" data-title=\"Slide\" data-thumb=\"\/\/www.im2.com.br\/vinhosmuraro\/wp-content\/uploads\/2020\/01\/banner-1-100x50.jpg\" data-in=\"o:0;\" data-out=\"a:false;\">\n\t\t\t\t\t\t\t<img src=\"\/\/www.im2.com.br\/vinhosmuraro\/wp-content\/plugins\/revslider\/public\/assets\/assets\/dummy.png\" alt=\"Banner 1\" title=\"Banner 1\" width=\"1920\" height=\"800\" class=\"rev-slidebg tp-rs-img rs-lazyload\" data-lazyload=\"\/\/www.im2.com.br\/vinhosmuraro\/wp-content\/uploads\/2020\/01\/banner-1.jpg\" data-no-retina>\n<!--\n\t\t\t\t\t\t\t--><rs-layer\n\t\t\t\t\t\t\t\tid=\"slider-8-slide-12-layer-2\" \n\t\t\t\t\t\t\t\tdata-type=\"text\"\n\t\t\t\t\t\t\t\tdata-color=\"#000000\"\n\t\t\t\t\t\t\t\tdata-rsp_ch=\"on\"\n\t\t\t\t\t\t\t\tdata-xy=\"x:555px;y:329px;\"\n\t\t\t\t\t\t\t\tdata-text=\"w:normal;s:64;l:65;fw:200;a:center;\"\n\t\t\t\t\t\t\t\tdata-dim=\"w:408px;\"\n\t\t\t\t\t\t\t\tdata-frame_0=\"y:100%;tp:600;\"\n\t\t\t\t\t\t\t\tdata-frame_1=\"tp:600;e:power4.inOut;st:1100;sp:2000;sR:1100;\"\n\t\t\t\t\t\t\t\tdata-frame_999=\"y:175%;tp:600;e:power2.inOut;st:w;sp:1000;sR:5900;\"\n\t\t\t\t\t\t\t\tdata-frame_999_mask=\"u:t;\"\n\t\t\t\t\t\t\t\tstyle=\"z-index:9;font-family:'Poppins';text-transform:uppercase;\"\n\t\t\t\t\t\t\t>Agrad\u00e1vel Sabor da Vida! \n\t\t\t\t\t\t\t<\/rs-layer><!--\n\n\t\t\t\t\t\t\t--><a\n\t\t\t\t\t\t\t\tid=\"slider-8-slide-12-layer-4\" \n\t\t\t\t\t\t\t\tclass=\"rs-layer rev-btn\"\n\t\t\t\t\t\t\t\thref=\"https:\/\/www.im2.com.br\/vinhosmuraro\/shop\/\" target=\"_blank\" rel=\"nofollow noopener\"\n\t\t\t\t\t\t\t\tdata-type=\"button\"\n\t\t\t\t\t\t\t\tdata-color=\"#000000\"\n\t\t\t\t\t\t\t\tdata-rsp_ch=\"on\"\n\t\t\t\t\t\t\t\tdata-xy=\"x:558px;y:541px;\"\n\t\t\t\t\t\t\t\tdata-text=\"w:normal;s:24;l:60;fw:700;a:center;\"\n\t\t\t\t\t\t\t\tdata-dim=\"w:403px;h:60px;minh:0px;\"\n\t\t\t\t\t\t\t\tdata-border=\"bos:solid;boc:rgba(0,0,0,1);bow:2px,2px,2px,2px;\"\n\t\t\t\t\t\t\t\tdata-frame_0=\"y:100%;tp:600;\"\n\t\t\t\t\t\t\t\tdata-frame_1=\"tp:600;e:power4.inOut;st:1370;sp:2000;sR:1370;\"\n\t\t\t\t\t\t\t\tdata-frame_999=\"y:175%;tp:600;e:power2.inOut;st:w;sp:1000;sR:5630;\"\n\t\t\t\t\t\t\t\tdata-frame_999_mask=\"u:t;\"\n\t\t\t\t\t\t\t\tdata-frame_hover=\"c:#fff;bgc:#468c00;boc:#000;bor:0px,0px,0px,0px;bos:solid;bow:0,0,0,0;oX:50;oY:50;sp:0;\"\n\t\t\t\t\t\t\t\tstyle=\"z-index:10;background-color:#ffffff;font-family:'Poppins';text-transform:uppercase;cursor:pointer;outline:none;box-shadow:none;box-sizing:border-box;-moz-box-sizing:border-box;-webkit-box-sizing:border-box;\"\n\t\t\t\t\t\t\t>Conhe\u00e7a nossos produtos \n\t\t\t\t\t\t\t<\/a><!--\n\n\t\t\t\t\t\t\t--><rs-layer\n\t\t\t\t\t\t\t\tid=\"slider-8-slide-12-layer-9\" \n\t\t\t\t\t\t\t\tdata-type=\"shape\"\n\t\t\t\t\t\t\t\tdata-rsp_ch=\"on\"\n\t\t\t\t\t\t\t\tdata-xy=\"x:531px;y:301px;\"\n\t\t\t\t\t\t\t\tdata-text=\"w:normal;\"\n\t\t\t\t\t\t\t\tdata-dim=\"w:462px;h:327px;\"\n\t\t\t\t\t\t\t\tdata-border=\"bos:solid;boc:#000000;bow:2px,2px,2px,2px;\"\n\t\t\t\t\t\t\t\tdata-frame_1=\"st:980;sp:1030;sR:980;\"\n\t\t\t\t\t\t\t\tdata-frame_999=\"o:0;st:w;sp:1000;sR:6990;\"\n\t\t\t\t\t\t\t\tstyle=\"z-index:8;background-color:rgba(255,255,255,0.85);\"\n\t\t\t\t\t\t\t> \n\t\t\t\t\t\t\t<\/rs-layer><!--\n-->\t\t\t\t\t\t<\/rs-slide>\n\t\t\t\t\t\t<rs-slide style=\"position: absolute;\" data-key=\"rs-13\" data-title=\"Slide\" data-thumb=\"\/\/www.im2.com.br\/vinhosmuraro\/wp-content\/uploads\/2020\/01\/banner-2-100x50.jpg\" data-duration=\"15000ms\" data-in=\"o:0;\" data-out=\"a:false;\">\n\t\t\t\t\t\t\t<img src=\"\/\/www.im2.com.br\/vinhosmuraro\/wp-content\/plugins\/revslider\/public\/assets\/assets\/dummy.png\" alt=\"Banner 2\" title=\"Banner 2\" width=\"1920\" height=\"800\" class=\"rev-slidebg tp-rs-img rs-lazyload\" data-lazyload=\"\/\/www.im2.com.br\/vinhosmuraro\/wp-content\/uploads\/2020\/01\/banner-2.jpg\" data-no-retina>\n<!--\n\t\t\t\t\t\t\t--><rs-layer\n\t\t\t\t\t\t\t\tid=\"slider-8-slide-13-layer-11\" \n\t\t\t\t\t\t\t\tdata-type=\"shape\"\n\t\t\t\t\t\t\t\tdata-rsp_ch=\"on\"\n\t\t\t\t\t\t\t\tdata-xy=\"x:639px;y:30px;\"\n\t\t\t\t\t\t\t\tdata-text=\"w:normal;\"\n\t\t\t\t\t\t\t\tdata-dim=\"w:756px;h:187px;\"\n\t\t\t\t\t\t\t\tdata-frame_1=\"st:430;sp:1020;sR:430;\"\n\t\t\t\t\t\t\t\tdata-frame_999=\"o:0;st:w;sR:13550;\"\n\t\t\t\t\t\t\t\tstyle=\"z-index:8;background-color:rgba(0,0,0,0.5);\"\n\t\t\t\t\t\t\t> \n\t\t\t\t\t\t\t<\/rs-layer><!--\n\n\t\t\t\t\t\t\t--><a\n\t\t\t\t\t\t\t\tid=\"slider-8-slide-13-layer-12\" \n\t\t\t\t\t\t\t\tclass=\"rs-layer\"\n\t\t\t\t\t\t\t\thref=\"https:\/\/www.im2.com.br\/vinhosmuraro\/categoria\/espumantes\/\" target=\"_self\" rel=\"nofollow\"\n\t\t\t\t\t\t\t\tdata-type=\"image\"\n\t\t\t\t\t\t\t\tdata-rsp_ch=\"on\"\n\t\t\t\t\t\t\t\tdata-xy=\"x:1320px;y:325px;\"\n\t\t\t\t\t\t\t\tdata-text=\"w:normal;\"\n\t\t\t\t\t\t\t\tdata-dim=\"w:250px;h:250px;\"\n\t\t\t\t\t\t\t\tdata-padding=\"t:20;r:20;b:20;l:20;\"\n\t\t\t\t\t\t\t\tdata-border=\"bos:solid;boc:#ffffff;bow:1px,1px,1px,1px;bor:0,0px,0,0;\"\n\t\t\t\t\t\t\t\tdata-frame_1=\"e:power4.inOut;st:2310;sp:500;sR:2310;\"\n\t\t\t\t\t\t\t\tdata-frame_1_sfx=\"se:blocktotop;\"\n\t\t\t\t\t\t\t\tdata-frame_999=\"o:0;st:w;sR:12190;\"\n\t\t\t\t\t\t\t\tstyle=\"z-index:14;background-color:rgba(255,255,255,0.7);\"\n\t\t\t\t\t\t\t><img src=\"\/\/www.im2.com.br\/vinhosmuraro\/wp-content\/plugins\/revslider\/public\/assets\/assets\/dummy.png\" alt=\"Quadro Muraro Espumante\" class=\"tp-rs-img rs-lazyload\" width=\"640\" height=\"640\" data-lazyload=\"\/\/www.im2.com.br\/vinhosmuraro\/wp-content\/uploads\/2020\/01\/quadro-muraro-espumante.png\" data-no-retina> \n\t\t\t\t\t\t\t<\/a><!--\n\n\t\t\t\t\t\t\t--><rs-layer\n\t\t\t\t\t\t\t\tid=\"slider-8-slide-13-layer-13\" \n\t\t\t\t\t\t\t\tdata-type=\"text\"\n\t\t\t\t\t\t\t\tdata-color=\"#fff\"\n\t\t\t\t\t\t\t\tdata-rsp_ch=\"on\"\n\t\t\t\t\t\t\t\tdata-xy=\"x:672px;y:55px;\"\n\t\t\t\t\t\t\t\tdata-text=\"w:normal;s:60;l:70;a:center;\"\n\t\t\t\t\t\t\t\tdata-dim=\"w:688px;minh:0px;\"\n\t\t\t\t\t\t\t\tdata-frame_0=\"sX:0.9;sY:0.9;\"\n\t\t\t\t\t\t\t\tdata-frame_1=\"e:power2.inOut;st:1230;sp:1000;sR:1230;\"\n\t\t\t\t\t\t\t\tdata-frame_999=\"o:0;st:w;sR:12770;\"\n\t\t\t\t\t\t\t\tstyle=\"z-index:9;font-family:'Poppins';text-transform:uppercase;\"\n\t\t\t\t\t\t\t>Conhe\u00e7a nossa linha de produtos \n\t\t\t\t\t\t\t<\/rs-layer><!--\n\n\t\t\t\t\t\t\t--><a\n\t\t\t\t\t\t\t\tid=\"slider-8-slide-13-layer-14\" \n\t\t\t\t\t\t\t\tclass=\"rs-layer\"\n\t\t\t\t\t\t\t\thref=\"https:\/\/www.im2.com.br\/vinhosmuraro\/categoria\/vinhos-mesa\/\" target=\"_self\" rel=\"nofollow\"\n\t\t\t\t\t\t\t\tdata-type=\"image\"\n\t\t\t\t\t\t\t\tdata-rsp_ch=\"on\"\n\t\t\t\t\t\t\t\tdata-xy=\"x:411px;y:325px;\"\n\t\t\t\t\t\t\t\tdata-text=\"w:normal;\"\n\t\t\t\t\t\t\t\tdata-dim=\"w:250px;h:250px;\"\n\t\t\t\t\t\t\t\tdata-padding=\"t:20;r:20;b:20;l:20;\"\n\t\t\t\t\t\t\t\tdata-border=\"bos:solid;boc:#ffffff;bow:1px,1px,1px,1px;bor:1px,1px,1px,1px;\"\n\t\t\t\t\t\t\t\tdata-frame_1=\"e:power4.inOut;st:1760;sp:500;sR:1760;\"\n\t\t\t\t\t\t\t\tdata-frame_1_sfx=\"se:blocktotop;\"\n\t\t\t\t\t\t\t\tdata-frame_999=\"o:0;st:w;sR:12740;\"\n\t\t\t\t\t\t\t\tstyle=\"z-index:10;background-color:rgba(255,255,255,0.7);\"\n\t\t\t\t\t\t\t><img src=\"\/\/www.im2.com.br\/vinhosmuraro\/wp-content\/plugins\/revslider\/public\/assets\/assets\/dummy.png\" alt=\"Quadro Muraro Mesa\" class=\"tp-rs-img rs-lazyload\" width=\"640\" height=\"640\" data-lazyload=\"\/\/www.im2.com.br\/vinhosmuraro\/wp-content\/uploads\/2020\/01\/quadro-muraro-mesa.png\" data-no-retina> \n\t\t\t\t\t\t\t<\/a><!--\n\n\t\t\t\t\t\t\t--><a\n\t\t\t\t\t\t\t\tid=\"slider-8-slide-13-layer-16\" \n\t\t\t\t\t\t\t\tclass=\"rs-layer\"\n\t\t\t\t\t\t\t\thref=\"https:\/\/www.im2.com.br\/vinhosmuraro\/categoria\/suco-uva-integral\/\" target=\"_self\" rel=\"nofollow\"\n\t\t\t\t\t\t\t\tdata-type=\"image\"\n\t\t\t\t\t\t\t\tdata-rsp_ch=\"on\"\n\t\t\t\t\t\t\t\tdata-xy=\"x:715px;y:325px;\"\n\t\t\t\t\t\t\t\tdata-text=\"w:normal;\"\n\t\t\t\t\t\t\t\tdata-dim=\"w:250px;h:250px;\"\n\t\t\t\t\t\t\t\tdata-padding=\"t:20;r:20;b:20;l:20;\"\n\t\t\t\t\t\t\t\tdata-border=\"bos:solid;boc:#ffffff;bow:1px,1px,1px,1px;bor:0,0px,0,0;\"\n\t\t\t\t\t\t\t\tdata-frame_1=\"e:power4.inOut;st:1910;sp:500;sR:1910;\"\n\t\t\t\t\t\t\t\tdata-frame_1_sfx=\"se:blocktotop;\"\n\t\t\t\t\t\t\t\tdata-frame_999=\"o:0;st:w;sR:12590;\"\n\t\t\t\t\t\t\t\tstyle=\"z-index:12;background-color:rgba(255,255,255,0.7);\"\n\t\t\t\t\t\t\t><img src=\"\/\/www.im2.com.br\/vinhosmuraro\/wp-content\/plugins\/revslider\/public\/assets\/assets\/dummy.png\" alt=\"Quadro Muraro Suco\" class=\"tp-rs-img rs-lazyload\" width=\"640\" height=\"640\" data-lazyload=\"\/\/www.im2.com.br\/vinhosmuraro\/wp-content\/uploads\/2020\/01\/quadro-muraro-suco.png\" data-no-retina> \n\t\t\t\t\t\t\t<\/a><!--\n\n\t\t\t\t\t\t\t--><a\n\t\t\t\t\t\t\t\tid=\"slider-8-slide-13-layer-17\" \n\t\t\t\t\t\t\t\tclass=\"rs-layer\"\n\t\t\t\t\t\t\t\thref=\"https:\/\/www.im2.com.br\/vinhosmuraro\/categoria\/vinhos-finos\/\" target=\"_self\" rel=\"nofollow\"\n\t\t\t\t\t\t\t\tdata-type=\"image\"\n\t\t\t\t\t\t\t\tdata-rsp_ch=\"on\"\n\t\t\t\t\t\t\t\tdata-xy=\"x:1017px;y:325px;\"\n\t\t\t\t\t\t\t\tdata-text=\"w:normal;\"\n\t\t\t\t\t\t\t\tdata-dim=\"w:250px;h:250px;\"\n\t\t\t\t\t\t\t\tdata-padding=\"t:20;r:20;b:20;l:20;\"\n\t\t\t\t\t\t\t\tdata-border=\"bos:solid;boc:#ffffff;bow:1px,1px,1px,1px;bor:0,0px,0,0;\"\n\t\t\t\t\t\t\t\tdata-frame_1=\"e:power4.inOut;st:2120;sp:500;sR:2120;\"\n\t\t\t\t\t\t\t\tdata-frame_1_sfx=\"se:blocktotop;\"\n\t\t\t\t\t\t\t\tdata-frame_999=\"o:0;st:w;sR:12380;\"\n\t\t\t\t\t\t\t\tstyle=\"z-index:13;background-color:rgba(255,255,255,0.7);\"\n\t\t\t\t\t\t\t><img src=\"\/\/www.im2.com.br\/vinhosmuraro\/wp-content\/plugins\/revslider\/public\/assets\/assets\/dummy.png\" alt=\"Quadro Muraro Vinhos Finos\" class=\"tp-rs-img rs-lazyload\" width=\"640\" height=\"640\" data-lazyload=\"\/\/www.im2.com.br\/vinhosmuraro\/wp-content\/uploads\/2020\/01\/quadro-muraro-vinhos-finos.png\" data-no-retina> \n\t\t\t\t\t\t\t<\/a><!--\n-->\t\t\t\t\t\t<\/rs-slide>\n\t\t\t\t\t<\/rs-slides>\n\t\t\t\t<\/rs-module>\n\t\t\t\t<script>\n\t\t\t\t\tsetREVStartSize({c: 'rev_slider_8_1',rl:[1240,1024,778,480],el:[800],gw:[1920],gh:[800],type:'standard',justify:'',layout:'fullwidth',mh:\"0\"});if (window.RS_MODULES!==undefined && window.RS_MODULES.modules!==undefined && window.RS_MODULES.modules[\"revslider81\"]!==undefined) {window.RS_MODULES.modules[\"revslider81\"].once = false;window.revapi8 = undefined;if (window.RS_MODULES.checkMinimal!==undefined) window.RS_MODULES.checkMinimal()}\n\t\t\t\t<\/script>\n\t\t\t<\/rs-module-wrap>\n\t\t\t<!-- END REVOLUTION SLIDER -->\n[\/vc_column][\/vc_row][vc_row full_width=&#8221;stretch_row_content&#8221; css=&#8221;.vc_custom_1578948922541{padding-top: 2em !important;padding-right: 1em !important;padding-bottom: 2em !important;padding-left: 1em !important;background-color: #f9f9f9 !important;}&#8221;][vc_column css_animation=&#8221;fadeInUp&#8221; width=&#8221;1\/4&#8243; offset=&#8221;vc_col-lg-offset-0 vc_col-md-offset-0 vc_col-sm-offset-0&#8243;][vc_single_image image=&#8221;5050&#8243; img_size=&#8221;full&#8221; alignment=&#8221;center&#8221; onclick=&#8221;custom_link&#8221; link=&#8221;https:\/\/www.im2.com.br\/vinhosmuraro\/categoria\/espumantes\/&#8221; css=&#8221;.vc_custom_1579275759838{padding-top: 2em !important;padding-right: 2em !important;padding-bottom: 2em !important;padding-left: 2em !important;background-color: #ffffff !important;border-radius: 1px !important;}&#8221;][\/vc_column][vc_column css_animation=&#8221;fadeInUp&#8221; width=&#8221;1\/4&#8243; offset=&#8221;vc_col-lg-offset-0 vc_col-md-offset-0 vc_col-sm-offset-0&#8243;][vc_single_image image=&#8221;5054&#8243; img_size=&#8221;full&#8221; alignment=&#8221;center&#8221; onclick=&#8221;custom_link&#8221; link=&#8221;https:\/\/www.im2.com.br\/vinhosmuraro\/categoria\/vinhos-finos\/&#8221; css=&#8221;.vc_custom_1579275817098{padding-top: 2em !important;padding-right: 2em !important;padding-bottom: 2em !important;padding-left: 2em !important;background-color: #ffffff !important;border-radius: 1px !important;}&#8221;][\/vc_column][vc_column css_animation=&#8221;fadeInUp&#8221; width=&#8221;1\/4&#8243; offset=&#8221;vc_col-lg-offset-0 vc_col-md-offset-0 vc_col-sm-offset-0&#8243;][vc_single_image image=&#8221;5052&#8243; img_size=&#8221;full&#8221; alignment=&#8221;center&#8221; onclick=&#8221;custom_link&#8221; link=&#8221;https:\/\/www.im2.com.br\/vinhosmuraro\/categoria\/vinhos-mesa\/&#8221; css=&#8221;.vc_custom_1579275863409{padding-top: 2em !important;padding-right: 2em !important;padding-bottom: 2em !important;padding-left: 2em !important;background-color: #ffffff !important;border-radius: 1px !important;}&#8221;][\/vc_column][vc_column css_animation=&#8221;fadeInUp&#8221; width=&#8221;1\/4&#8243; offset=&#8221;vc_col-lg-offset-0 vc_col-md-offset-0 vc_col-sm-offset-0&#8243;][vc_single_image image=&#8221;5053&#8243; img_size=&#8221;full&#8221; alignment=&#8221;center&#8221; onclick=&#8221;custom_link&#8221; link=&#8221;https:\/\/www.im2.com.br\/vinhosmuraro\/categoria\/suco-uva-integral\/&#8221; css=&#8221;.vc_custom_1579276025620{padding-top: 2em !important;padding-right: 2em !important;padding-bottom: 2em !important;padding-left: 2em !important;background-color: #ffffff !important;border-radius: 1px !important;}&#8221;][\/vc_column][\/vc_row][vc_row isfullwidth=&#8221;1&#8243; el_class=&#8221;tb-readmore center&#8221; css=&#8221;.vc_custom_1578949021085{padding-top: 130px !important;padding-bottom: 25px !important;}&#8221;][vc_column css_animation=&#8221;fadeInUp&#8221; offset=&#8221;vc_hidden-sm vc_hidden-xs&#8221;][vc_single_image image=&#8221;5045&#8243; img_size=&#8221;full&#8221; alignment=&#8221;center&#8221;][vc_column_text]Desde 1967 a marca Muraro \u00e9 reconhecida por oferecer produtos de qualidade, reflexo do cuidado no cultivo de seus vinhedos e do processo de produ\u00e7\u00e3o que combina a tradi\u00e7\u00e3o dos descendentes italianos com os avan\u00e7os tecnol\u00f3gicos que garantem a qualidade com aromas e sabores \u00fanicos. O in\u00edcio foi com vinhos de mesa que hoje s\u00e3o conhecidos por todo o Brasil. A marca ganhou continuidade com suco de uva tinto integral e hoje se moderniza ainda mais ao lan\u00e7ar o suco de uva branco integral. Vinhos finos jovens em vers\u00f5es tintas e brancas complementam a gama de produtos com a marca Muraro e convidam a degustar o agrad\u00e1vel sabor da vida![\/vc_column_text][\/vc_column][vc_column][\/vc_column][\/vc_row][vc_row css=&#8221;.vc_custom_1578751505777{margin-top: 25px !important;margin-bottom: 50px !important;}&#8221;][vc_column css_animation=&#8221;none&#8221;][tbay_productcategory title=&#8221;Espumantes&#8221; category=&#8221;100&#8243; number=&#8221;20&#8243; responsive_type=&#8221;yes&#8221; subtitle=&#8221;Est\u00e3o entre as principais bebidas consumidas no mundo. E o Rio Grande do Sul \u00e9 o estado onde mais se fabrica.&#8221; el_class=&#8221;home_titulo_categoria&#8221;][tbay_productcategory title=&#8221;Vinhos Finos&#8221; category=&#8221;108&#8243; number=&#8221;20&#8243; responsive_type=&#8221;yes&#8221; subtitle=&#8221;Fabricados com uvas de qualidade diferenciada. S\u00e3o ideais para momentos especiais.&#8221; el_class=&#8221;home_titulo_categoria&#8221;][tbay_productcategory title=&#8221;Vinhos de Mesa&#8221; category=&#8221;135&#8243; number=&#8221;20&#8243; responsive_type=&#8221;yes&#8221; subtitle=&#8221;Vinhos produzidos desde 1967, s\u00e3o fornecidos na vers\u00e3o seco e suave e atendem os mais diversos paladares.&#8221; el_class=&#8221;home_titulo_categoria&#8221;][tbay_productcategory title=&#8221;Sucos de Uva&#8221; category=&#8221;150&#8243; number=&#8221;20&#8243; responsive_type=&#8221;yes&#8221; subtitle=&#8221;Ajudam a manter o bom funcionamento do corpo e a sa\u00fade da fam\u00edlia. S\u00e3o produzidos com uvas selecionadas. Integral e sem adi\u00e7\u00e3o de a\u00e7\u00facar.&#8221; el_class=&#8221;home_titulo_categoria&#8221;][\/vc_column][\/vc_row][vc_row css=&#8221;.vc_custom_1517817779012{margin-top: 123px !important;margin-bottom: 90px !important;}&#8221;][vc_column css_animation=&#8221;fadeInUp&#8221;][tbay_gridposts thumbsize=&#8221;medium&#8221; layout_type=&#8221;carousel-vertical&#8221; rows=&#8221;1&#8243; nav_type=&#8221;yes&#8221; pagi_type=&#8221;yes&#8221; loop_type=&#8221;yes&#8221; auto_type=&#8221;yes&#8221; responsive_type=&#8221;yes&#8221; screen_desktop=&#8221;3&#8243; screen_desktopsmall=&#8221;2&#8243; screen_tablet=&#8221;2&#8243; title=&#8221;#ama novidades?&#8221; subtitle=&#8221;Em nosso blog&#8221;][\/vc_column][\/vc_row][vc_row full_width=&#8221;stretch_row_content_no_spaces&#8221; css=&#8221;.vc_custom_1510294385094{padding-top: 30px !important;padding-bottom: 30px !important;}&#8221;][vc_column css_animation=&#8221;fadeInUp&#8221;][tbay_instagram title=&#8221;#siga a gente&#8221; username=&#8221;casamuraro&#8221; size=&#8221;large&#8221; target=&#8221;_self&#8221; columns=&#8221;8&#8243; rows=&#8221;1&#8243; pagi_type=&#8221;yes&#8221; responsive_type=&#8221;yes&#8221; screen_desktop=&#8221;8&#8243; screen_desktopsmall=&#8221;6&#8243; screen_tablet=&#8221;5&#8243; style=&#8221;style1&#8243; subtitle=&#8221;no Instagram&#8221;][\/vc_column][\/vc_row]<\/p>\n<\/section>","protected":false},"excerpt":{"rendered":"<p>[vc_row isfullwidth=&#8221;1&#8243;][vc_column css_animation=&#8221;fadeInUp&#8221; offset=&#8221;vc_hidden-lg vc_hidden-md&#8221; css=&#8221;.vc_custom_1578950840966{margin-top: 4em !important;}&#8221;][vc_column_text] Desde 1967 a marca Muraro \u00e9 reconhecida por oferecer produtos de qualidade, reflexo do cuidado no cultivo de seus vinhedos e do processo de produ\u00e7\u00e3o que combina a tradi\u00e7\u00e3o dos descendentes italianos com os avan\u00e7os tecnol\u00f3gicos que garantem a qualidade com aromas e sabores \u00fanicos. O in\u00edcio &hellip; <a href=\"https:\/\/www.im2.com.br\/vinhosmuraro\/\" class=\"more-link\">Continue reading <span class=\"screen-reader-text\">Home<\/span><\/a><\/p>\n","protected":false},"author":1,"featured_media":0,"parent":0,"menu_order":0,"comment_status":"closed","ping_status":"closed","template":"","meta":{"_seopress_robots_primary_cat":"","_seopress_titles_title":"","_seopress_titles_desc":"","_seopress_robots_index":""},"_links":{"self":[{"href":"https:\/\/www.im2.com.br\/vinhosmuraro\/wp-json\/wp\/v2\/pages\/2110"}],"collection":[{"href":"https:\/\/www.im2.com.br\/vinhosmuraro\/wp-json\/wp\/v2\/pages"}],"about":[{"href":"https:\/\/www.im2.com.br\/vinhosmuraro\/wp-json\/wp\/v2\/types\/page"}],"author":[{"embeddable":true,"href":"https:\/\/www.im2.com.br\/vinhosmuraro\/wp-json\/wp\/v2\/users\/1"}],"replies":[{"embeddable":true,"href":"https:\/\/www.im2.com.br\/vinhosmuraro\/wp-json\/wp\/v2\/comments?post=2110"}],"version-history":[{"count":43,"href":"https:\/\/www.im2.com.br\/vinhosmuraro\/wp-json\/wp\/v2\/pages\/2110\/revisions"}],"predecessor-version":[{"id":5308,"href":"https:\/\/www.im2.com.br\/vinhosmuraro\/wp-json\/wp\/v2\/pages\/2110\/revisions\/5308"}],"wp:attachment":[{"href":"https:\/\/www.im2.com.br\/vinhosmuraro\/wp-json\/wp\/v2\/media?parent=2110"}],"curies":[{"name":"wp","href":"https:\/\/api.w.org\/{rel}","templated":true}]}}