{"id":5002,"date":"2020-01-11T10:51:13","date_gmt":"2020-01-11T13:51:13","guid":{"rendered":"https:\/\/www.im2.com.br\/vinhosmuraro\/produto\/import-placeholder-for-499\/"},"modified":"2020-01-14T11:40:24","modified_gmt":"2020-01-14T14:40:24","slug":"vinho-branco-de-mesa-seco","status":"publish","type":"product","link":"https:\/\/www.im2.com.br\/vinhosmuraro\/produto\/vinhos-mesa\/vinho-branco-de-mesa-seco\/","title":{"rendered":"Vinho Branco de Mesa Seco"},"content":{"rendered":"<p>Vinho branco de mesa seco. Elaborado com cultivares h\u00edbridas e americanas \u00e9 o vinho ideal para o consumo di\u00e1rio e moderado, trazendo benef\u00edcios para a sa\u00fade cardiovascular.<\/p>\n<h3>Harmoniza\u00e7\u00e3o<\/h3>\n<p>Acompanha bem o t\u00edpico almo\u00e7o dos descendentes europeus da Serra Ga\u00facha: sopa de agnolini, carnes \u00e0 lessa, tort\u00e9i e saladas de radicci com bacon.<\/p>\n<h3>Temperatura ideal<\/h3>\n<p>Entre 6 e 8 graus.<\/p>\n","protected":false},"excerpt":{"rendered":"<p>O Vinho Branco Muraro Seco \u00e9 um vinho pr\u00f3prio para quem curte um vinho no seu dia a dia. \u00c9 um vinho leve,\u00a0de cor amarelada brilhante, com aromas frutados, t\u00edpicos das uvas americanas. Tem um \u00f3timo equil\u00edbrio e \u00e9 bastante arom\u00e1tico. O vinho Branco Muraro Seco \u00e9 um vinho leve. Por isso, \u00e9 muito adequado para pratos com molhos leves, sopas e saladas.<\/p>\n","protected":false},"featured_media":5027,"comment_status":"open","ping_status":"closed","template":"","meta":{"_seopress_robots_primary_cat":"none","_seopress_titles_title":"","_seopress_titles_desc":"","_seopress_robots_index":""},"product_cat":[135],"product_tag":[140,137,141,139],"_links":{"self":[{"href":"https:\/\/www.im2.com.br\/vinhosmuraro\/wp-json\/wp\/v2\/product\/5002"}],"collection":[{"href":"https:\/\/www.im2.com.br\/vinhosmuraro\/wp-json\/wp\/v2\/product"}],"about":[{"href":"https:\/\/www.im2.com.br\/vinhosmuraro\/wp-json\/wp\/v2\/types\/product"}],"replies":[{"embeddable":true,"href":"https:\/\/www.im2.com.br\/vinhosmuraro\/wp-json\/wp\/v2\/comments?post=5002"}],"wp:featuredmedia":[{"embeddable":true,"href":"https:\/\/www.im2.com.br\/vinhosmuraro\/wp-json\/wp\/v2\/media\/5027"}],"wp:attachment":[{"href":"https:\/\/www.im2.com.br\/vinhosmuraro\/wp-json\/wp\/v2\/media?parent=5002"}],"wp:term":[{"taxonomy":"product_cat","embeddable":true,"href":"https:\/\/www.im2.com.br\/vinhosmuraro\/wp-json\/wp\/v2\/product_cat?post=5002"},{"taxonomy":"product_tag","embeddable":true,"href":"https:\/\/www.im2.com.br\/vinhosmuraro\/wp-json\/wp\/v2\/product_tag?post=5002"}],"curies":[{"name":"wp","href":"https:\/\/api.w.org\/{rel}","templated":true}]}}